ded by 492?
391
Calculate the remainder when 335231 is divided by 9058.
85
What is the remainder when 290963 is divided by 48490?
23
Calculate the remainder when 2520 is divided by 58.
26
What is the remainder when 3423975 is divided by 143?
126
Calculate the remainder when 190123 is divided by 6790.
3
Calculate the remainder when 66528 is divided by 7361.
279
What is the remainder when 24915740 is divided by 727?
723
What is the remainder when 24552 is divided by 214?
156
Calculate the remainder when 81523 is divided by 13551.
217
What is the remainder when 91109 is divided by 58?
49
Calculate the remainder when 1116073 is divided by 69753.
25
Calculate the remainder when 396252 is divided by 29.
25
What is the remainder when 15427555 is divided by 33?
22
Calculate the remainder when 9566421 is divided by 1332.
1329
What is the remainder when 1178961 is divided by 392849?
414
What is the remainder when 249286496 is divided by 3574?
3570
What is the remainder when 4923 is divided by 138?
93
What is the remainder when 56659 is divided by 9298?
871
Calculate the remainder when 1941015 is divided by 527.
74
Calculate the remainder when 2428415 is divided by 527.
526
Calculate the remainder when 5354305 is divided by 178475.
55
Calculate the remainder when 34857479 is divided by 595.
594
What is the remainder when 469378 is divided by 9452?
6230
Calculate the remainder when 2160204 is divided by 2160148.
56
Calculate the remainder when 681997868 is divided by 47.
44
What is the remainder when 1678123 is divided by 6528?
427
Calculate the remainder when 30910 is divided by 77.
33
Calculate the remainder when 4021336 is divided by 5562.
10
What is the remainder when 440428 is divided by 183?
130
Calculate the remainder when 11659 is divided by 5755.
149
What is the remainder when 49526120 is divided by 4304?
4296
Calculate the remainder when 26549493 is divided by 4.
1
What is the remainder when 289596 is divided by 289183?
413
Calculate the remainder when 32549234 is divided by 7.
4
What is the remainder when 122285 is divided by 3398?
3355
What is the remainder when 532895 is divided by 106374?
1025
Calculate the remainder when 199346842 is divided by 10970.
2
What is the remainder when 134134 is divided by 1392?
502
What is the remainder when 98458 is divided by 137?
92
What is the remainder when 10644300 is divided by 7614?
7542
What is the remainder when 63684 is divided by 550?
434
Calculate the remainder when 6365290 is divided by 12.
10
What is the remainder when 2082265 is divided by 130141?
9
What is the remainder when 4627921 is divided by 3514?
3497
What is the remainder when 27979192 is divided by 343?
339
What is the remainder when 12423126 is divided by 159?
138
Calculate the remainder when 927079097 is divided by 1342.
1341
What is the remainder when 7163581 is divided by 7?
5
What is the remainder when 220554 is divided by 593?
551
What is the remainder when 19889 is divided by 15771?
4118
Calculate the remainder when 6673396 is divided by 651.
646
What is the remainder when 102909819 is divided by 2342?
2339
What is the remainder when 413185 is divided by 1063?
741
Calculate the remainder when 4406374 is divided by 3090.
34
What is the remainder when 3277417 is divided by 4981?
4900
What is the remainder when 5256059 is divided by 812?
795
Calculate the remainder when 6958595 is divided by 4572.
11
What is the remainder when 433460 is divided by 52?
40
What is the remainder when 81573 is divided by 87?
54
What is the remainder when 20509660 is divided by 1785?
10
Calculate the remainder when 1099850 is divided by 1571.
150
Calculate the remainder when 44856 is divided by 4896.
792
Calculate the remainder when 494764 is divided by 92.
80
Calculate the remainder when 226683 is divided by 323.
260
Calculate the remainder when 7176 is divided by 1782.
48
What is the remainder when 316712733 is divided by 11?
7
Calculate the remainder when 20302648 is divided by 1015131.
28
Calculate the remainder when 254856 is divided by 167.
14
What is the remainder when 718937 is divided by 47913?
242
Calculate the remainder when 764796 is divided by 21851.
11
Calculate the remainder when 267570133 is divided by 3395.
3393
What is the remainder when 1049271 is divided by 41?
40
Calculate the remainder when 201656 is divided by 42.
14
What is the remainder when 97097 is divided by 9044?
6657
Calculate the remainder when 69894 is divided by 69650.
244
What is the remainder when 6895 is divided by 2042?
769
Calculate the remainder when 7287 is divided by 1644.
711
Calculate the remainder when 13844170 is divided by 1117.
72
What is the remainder when 32042 is divided by 6408?
2
What is the remainder when 9238936 is divided by 2309733?
4
Calculate the remainder when 80829 is divided by 77584.
3245
Calculate the remainder when 43172498 is divided by 849.
848
What is the remainder when 13752 is divided by 6864?
24
What is the remainder when 443030 is divided by 25035?
17435
What is the remainder when 1113480 is divided by 280?
200
Calculate the remainder when 8621454 is divided by 459.
57
Calculate the remainder when 134451 is divided by 7444.
459
Calculate the remainder when 251194 is divided by 31389.
82
Calculate the remainder when 7548 is divided by 492.
168
Calculate the remainder when 21321 is divided by 5133.
789
Calculate the remainder when 3619774 is divided by 472.
6
What is the remainder when 120942 is divided by 14?
10
What is the remainder when 1125068 is divided by 422?
16
What is the remainder when 424694 is divided by 42456?
134
What is the remainder when 344349 is divided by 86078?
37
What is the remainder when 150273874 is divided by 50091288?
10
Calculate the remainder when 2220182 is divided by 19823.
6
What is the remainder when 695397 is divided by 283?
66
What is the remainder when 5832137 is divided by 20?
17
Calculate the remainder when 8926 is divided by 8744.
182
Calculate the remainder when 5970534 is divided by 9.
6
Calculate the remainder when 5892812 is divided by 31853.
7
Calculate the remainder when 168093 is divided by 793.
770
Calculate the remainder when 1671401807 is divided by 9992.
9991
What is the remainder when 5571903 is divided by 9225?
3
What is the remainder when 381267 is divided by 54465?
12
Calculate the remainder when 387459 is divided by 13022.
9821
Calculate the remainder when 19735 is divided by 3403.
2720
What is the remainder when 25787214 is divided by 12893604?
6
What is the remainder when 393552233 is divided by 2684?
2681
Calculate the remainder when 10356583 is divided by 191.
181
Calculate the remainder when 30449821 is divided by 84.
73
What is the remainder when 5058505 is divided by 37?
13
What is the remainder when 4858795 is divided by 175?
95
Calculate the remainder when 150061 is divided by 5544.
373
Calculate the remainder when 20061238 is divided by 1753.
1659
Calculate the remainder when 22415768 is divided by 9.
8
Calculate the remainder when 1448384 is divided by 605.
14
What is the remainder when 549578 is divided by 137388?
26
What is the remainder when 1536049 is divided by 68?
65
What is the remainder when 692685 is divided by 138512?
125
Calculate the remainder when 434024 is divided by 2634.
2048
Calculate the remainder when 2513695 is divided by 1572.
67
Calculate the remainder when 75070463 is divided by 32.
31
What is the remainder when 57136 is divided by 3802?
106
Calculate the remainder when 25060510 is divided by 355.
350
Calculate the remainder when 17937892 is divided by 900.
892
Calculate the remainder when 5693336 is divided by 5.
1
What is the remainder when 1394533 is divided by 3895?
123
Calculate the remainder when 9446402 is divided by 134948.
42
What is the remainder when 1906 is divided by 916?
74
What is the remainder when 16009340 is divided by 117?
113
Calculate the remainder when 351991 is divided by 6394.
321
Calculate the remainder when 2933 is divided by 812.
497
Calculate the remainder when 1600392 is divided by 673.
671
What is the remainder when 13389585 is divided by 463?
88
What is the remainder when 6463966 is divided by 2326?
12
What is the remainder when 41373 is divided by 3071?
1450
Calculate the remainder when 480329 is divided by 120.
89